{"id":9,"date":"2012-08-19T11:04:03","date_gmt":"2012-08-19T11:04:03","guid":{"rendered":"http:\/\/www.franz-von-assisi-schule-ostbevern.de\/wordpress\/?page_id=9"},"modified":"2012-10-24T10:24:01","modified_gmt":"2012-10-24T10:24:01","slug":"franz-von-assisi","status":"publish","type":"page","link":"https:\/\/www.assisi-schule-ostbevern.de\/?page_id=9","title":{"rendered":"Franz-von-Assisi"},"content":{"rendered":"<p style=\"text-align: center;\"><img loading=\"lazy\" decoding=\"async\" class=\"size-full wp-image-202 aligncenter\" title=\"franzvonassisi\" src=\"http:\/\/www.assisi-schule-ostbevern.de\/wordpress\/wp-content\/uploads\/2012\/08\/franzvonassisi.jpg\" alt=\"\" width=\"113\" height=\"153\" \/><\/p>\n<p>Der Namenspatron unserer Schule \u201eFranz von Assisi\u201c wurde im Jahre 1181 oder 1182 in der italienischen Stadt Assisi geboren. Seine Eltern waren wohlhabende Tuchh\u00e4ndler und verw\u00f6hnten Franziskus. Er erhielt auch eine hohe schulische Ausbildung und f\u00fchrte ein reiches Leben. Im Jahre 1203 zog er mit der Stadt Assisi in den Krieg. Von feindlichen Truppen wurde er gefangen genommen.<\/p>\n<p>Als Franz nach \u00fcber einem Jahr frei gelassen wurde, war er total\u00a0ver\u00e4ndert. Sein bisheriges wohlhabendes Leben erschien ihm pl\u00f6tzlich sinnlos. Er bemerkte, dass es gro\u00dfe Unterschiede zwischen reichen und armen Leuten gab. Er sah Menschen, die noch nicht einmal das N\u00f6tigste zum Leben hatten. Das fand Franz ungerecht und beschloss, etwas dagegen zu unternehmen. Er verschenkte seinen Besitz an die Armen. Seine reichen Freunde verstanden ihn nicht und wollten nichts mehr mit ihm zu tun haben.\u00a0Franz zog durch das Land und erz\u00e4hlte den Menschen von Jesus. Er sagte ihnen, dass Gott keinen Unterschied zwischen reich und arm macht. Einige Menschen lachten ihn aus. Aber er brachte viele dazu, den Armen und Kranken zu helfen.<\/p>\n<p>Viele junge M\u00e4nner wollten so leben wie Franz. Sie gr\u00fcndeten eine Gemeinschaft, den Orden der Franziskaner. Es gab auch Frauen, die eine Gemeinschaft gr\u00fcndeten und den Armen helfen wollten. Unter ihnen war Klara, eine Freundin von Franz. Sie gr\u00fcndete den Orden der Klarissen.<\/p>\n<p>Franz hatte nicht nur ein gro\u00dfes Herz f\u00fcr die Menschen, sondern f\u00fcr die ganze Sch\u00f6pfung Gottes. Er sprach mit Pflanzen und Tieren, mit der Schwester Sonne und dem Bruder Wind. Kurz vor seinem Tod dichtete Franz den &#8222;Sonnengesang&#8220;. Es war ein Lob auf Gottes wunderbare Sch\u00f6pfung.<\/p>\n<p>Am 3. Oktober 1226 starb Franz. Zwei Jahre sp\u00e4ter wurde er vom Papst heilig gesprochen. Seinen Namenstag feiern wir am 4. Oktober. Viele Menschen denken an diesem Tag besonders an Franz-von-Assisi.<\/p>\n<div><\/div>\n","protected":false},"excerpt":{"rendered":"<p>Der Namenspatron unserer Schule \u201eFranz von Assisi\u201c wurde im Jahre 1181 oder 1182 in der italienischen Stadt Assisi geboren. Seine Eltern waren wohlhabende Tuchh\u00e4ndler und verw\u00f6hnten Franziskus. Er erhielt auch eine hohe schulische Ausbildung und f\u00fchrte ein reiches Leben. Im Jahre 1203 zog er mit der Stadt Assisi in den Krieg. Von feindlichen Truppen wurde [&hellip;]<\/p>\n","protected":false},"author":3,"featured_media":0,"parent":7,"menu_order":0,"comment_status":"open","ping_status":"open","template":"","meta":{"footnotes":""},"class_list":["post-9","page","type-page","status-publish","hentry"],"_links":{"self":[{"href":"https:\/\/www.assisi-schule-ostbevern.de\/index.php?rest_route=\/wp\/v2\/pages\/9","targetHints":{"allow":["GET"]}}],"collection":[{"href":"https:\/\/www.assisi-schule-ostbevern.de\/index.php?rest_route=\/wp\/v2\/pages"}],"about":[{"href":"https:\/\/www.assisi-schule-ostbevern.de\/index.php?rest_route=\/wp\/v2\/types\/page"}],"author":[{"embeddable":true,"href":"https:\/\/www.assisi-schule-ostbevern.de\/index.php?rest_route=\/wp\/v2\/users\/3"}],"replies":[{"embeddable":true,"href":"https:\/\/www.assisi-schule-ostbevern.de\/index.php?rest_route=%2Fwp%2Fv2%2Fcomments&post=9"}],"version-history":[{"count":7,"href":"https:\/\/www.assisi-schule-ostbevern.de\/index.php?rest_route=\/wp\/v2\/pages\/9\/revisions"}],"predecessor-version":[{"id":404,"href":"https:\/\/www.assisi-schule-ostbevern.de\/index.php?rest_route=\/wp\/v2\/pages\/9\/revisions\/404"}],"up":[{"embeddable":true,"href":"https:\/\/www.assisi-schule-ostbevern.de\/index.php?rest_route=\/wp\/v2\/pages\/7"}],"wp:attachment":[{"href":"https:\/\/www.assisi-schule-ostbevern.de\/index.php?rest_route=%2Fwp%2Fv2%2Fmedia&parent=9"}],"curies":[{"name":"wp","href":"https:\/\/api.w.org\/{rel}","templated":true}]}}

<p style="text-align: center;"><img loading="lazy" decoding="async" class="size-full wp-image-202 aligncenter" title="franzvonassisi" src="http://www.assisi-schule-ostbevern.de/wordpress/wp-content/uploads/2012/08/franzvonassisi.jpg" alt="" width="113" height="153" /></p>
<p>Der Namenspatron unserer Schule „Franz von Assisi“ wurde im Jahre 1181 oder 1182 in der italienischen Stadt Assisi geboren. Seine Eltern waren wohlhabende Tuchhändler und verwöhnten Franziskus. Er erhielt auch eine hohe schulische Ausbildung und führte ein reiches Leben. Im Jahre 1203 zog er mit der Stadt Assisi in den Krieg. Von feindlichen Truppen wurde er gefangen genommen.</p>
<p>Als Franz nach über einem Jahr frei gelassen wurde, war er total verändert. Sein bisheriges wohlhabendes Leben erschien ihm plötzlich sinnlos. Er bemerkte, dass es große Unterschiede zwischen reichen und armen Leuten gab. Er sah Menschen, die noch nicht einmal das Nötigste zum Leben hatten. Das fand Franz ungerecht und beschloss, etwas dagegen zu unternehmen. Er verschenkte seinen Besitz an die Armen. Seine reichen Freunde verstanden ihn nicht und wollten nichts mehr mit ihm zu tun haben. Franz zog durch das Land und erzählte den Menschen von Jesus. Er sagte ihnen, dass Gott keinen Unterschied zwischen reich und arm macht. Einige Menschen lachten ihn aus. Aber er brachte viele dazu, den Armen und Kranken zu helfen.</p>
<p>Viele junge Männer wollten so leben wie Franz. Sie gründeten eine Gemeinschaft, den Orden der Franziskaner. Es gab auch Frauen, die eine Gemeinschaft gründeten und den Armen helfen wollten. Unter ihnen war Klara, eine Freundin von Franz. Sie gründete den Orden der Klarissen.</p>
<p>Franz hatte nicht nur ein großes Herz für die Menschen, sondern für die ganze Schöpfung Gottes. Er sprach mit Pflanzen und Tieren, mit der Schwester Sonne und dem Bruder Wind. Kurz vor seinem Tod dichtete Franz den &#8222;Sonnengesang&#8220;. Es war ein Lob auf Gottes wunderbare Schöpfung.</p>
<p>Am 3. Oktober 1226 starb Franz. Zwei Jahre später wurde er vom Papst heilig gesprochen. Seinen Namenstag feiern wir am 4. Oktober. Viele Menschen denken an diesem Tag besonders an Franz-von-Assisi.</p>
<div></div>

<p>Der Namenspatron unserer Schule „Franz von Assisi“ wurde im Jahre 1181 oder 1182 in der italienischen Stadt Assisi geboren. Seine Eltern waren wohlhabende Tuchhändler und verwöhnten Franziskus. Er erhielt auch eine hohe schulische Ausbildung und führte ein reiches Leben. Im Jahre 1203 zog er mit der Stadt Assisi in den Krieg. Von feindlichen Truppen wurde [&hellip;]</p>
